te the greatest common divisor of 135 and 45.
45
What is the highest common divisor of 103 and 5459?
103
Calculate the greatest common factor of 36 and 1341.
9
What is the highest common factor of 444 and 66?
6
Calculate the greatest common factor of 33 and 105.
3
What is the highest common factor of 243 and 279?
9
What is the highest common divisor of 19243 and 7?
7
What is the greatest common divisor of 12 and 102?
6
What is the greatest common factor of 1600 and 75?
25
What is the greatest common divisor of 504 and 1288?
56
Calculate the greatest common factor of 12126 and 2256.
282
Calculate the highest common factor of 3 and 69.
3
Calculate the highest common divisor of 80 and 360.
40
What is the highest common divisor of 12 and 732?
12
What is the highest common factor of 138 and 12?
6
What is the greatest common divisor of 153 and 493?
17
What is the greatest common divisor of 80 and 640?
80
Calculate the highest common divisor of 68 and 132.
4
What is the highest common divisor of 13615 and 70?
35
What is the highest common factor of 437 and 1955?
23
What is the highest common divisor of 931 and 361?
19
Calculate the highest common factor of 34 and 170.
34
Calculate the greatest common factor of 702 and 432.
54
Calculate the highest common divisor of 20467 and 97.
97
What is the greatest common factor of 371 and 6413?
53
Calculate the greatest common factor of 61 and 2.
1
What is the greatest common factor of 17 and 425?
17
Calculate the highest common divisor of 36864 and 24.
24
What is the greatest common divisor of 52 and 15236?
52
Calculate the highest common divisor of 156 and 117.
39
What is the greatest common divisor of 10475 and 50?
25
What is the highest common divisor of 230 and 69?
23
Calculate the highest common factor of 161 and 1587.
23
Calculate the highest common divisor of 54 and 1008.
18
Calculate the greatest common factor of 561 and 132.
33
Calculate the highest common factor of 142 and 1491.
71
What is the highest common factor of 42 and 462?
42
What is the greatest common divisor of 18 and 16542?
18
Calculate the highest common divisor of 234 and 858.
78
What is the highest common factor of 192 and 120?
24
Calculate the highest common divisor of 37393 and 61.
61
What is the greatest common divisor of 60 and 555?
15
Calculate the highest common factor of 8 and 3656.
8
Calculate the highest common divisor of 214 and 4.
2
Calculate the greatest common factor of 69 and 22839.
69
What is the highest common factor of 132 and 1650?
66
What is the highest common divisor of 268 and 12?
4
What is the greatest common factor of 96 and 3?
3
What is the highest common divisor of 99 and 36?
9
Calculate the highest common factor of 161 and 46.
23
Calculate the greatest common divisor of 505 and 5.
5
Calculate the greatest common divisor of 1190 and 42.
14
Calculate the greatest common factor of 4455 and 220.
55
Calculate the greatest common factor of 39 and 416.
13
What is the highest common factor of 80 and 20?
20
What is the greatest common divisor of 3 and 6?
3
Calculate the greatest common factor of 64 and 37952.
64
What is the greatest common factor of 13735 and 3015?
335
Calculate the greatest common factor of 14634 and 432.
54
What is the greatest common factor of 2 and 22?
2
What is the highest common factor of 3598 and 14?
14
Calculate the greatest common factor of 1225 and 98.
49
Calculate the greatest common divisor of 272 and 496.
16
What is the highest common factor of 1170 and 52?
26
What is the greatest common divisor of 396 and 10188?
36
What is the greatest common divisor of 375 and 2375?
125
Calculate the greatest common factor of 60 and 20.
20
Calculate the highest common factor of 2682 and 630.
18
Calculate the highest common factor of 28237 and 34.
17
Calculate the highest common factor of 1040 and 670.
10
What is the greatest common divisor of 15 and 1005?
15
Calculate the greatest common divisor of 803 and 11.
11
Calculate the highest common factor of 185 and 2627.
37
Calculate the highest common factor of 20 and 3230.
10
What is the greatest common divisor of 44478 and 126?
126
What is the greatest common divisor of 360 and 9090?
90
What is the highest common factor of 1593 and 54?
27
Calculate the greatest common divisor of 216 and 3348.
108
What is the greatest common divisor of 84 and 31192?
28
Calculate the greatest common factor of 26 and 7202.
26
What is the greatest common factor of 352 and 32?
32
What is the highest common divisor of 18 and 11637?
9
Calculate the highest common factor of 21 and 33.
3
Calculate the highest common factor of 10 and 625.
5
What is the greatest common divisor of 400 and 450?
50
Calculate the greatest common factor of 48 and 1488.
48
Calculate the greatest common divisor of 497 and 7739.
71
What is the greatest common factor of 632 and 237?
79
Calculate the highest common divisor of 11 and 2189.
11
Calculate the greatest common factor of 90 and 550.
10
Calculate the greatest common divisor of 671 and 924.
11
What is the highest common factor of 121 and 649?
11
What is the greatest common factor of 110 and 473?
11
Calculate the greatest common divisor of 108 and 4.
4
Calculate the greatest common divisor of 560 and 70.
70
Calculate the greatest common divisor of 18 and 135.
9
What is the highest common factor of 1853 and 109?
109
What is the highest common factor of 9 and 147?
3
What is the highest common divisor of 14 and 119?
7
Calculate the greatest common factor of 358 and 18437.
179
Calculate the greatest common divisor of 4417 and 7.
7
What is the highest common factor of 66 and 1122?
66
Calculate the highest common divisor of 48 and 36.
12
Calculate the highest common factor of 40 and 23.
1
What is the greatest common factor of 196 and 112?
28
What is the highest common factor of 3040 and 228?
76
What is the highest common factor of 1120 and 168?
56
Calculate the greatest common divisor of 141 and 329.
47
Calculate the greatest common factor of 387 and 19608.
129
What is the highest common factor of 175 and 1200?
25
What is the highest common divisor of 78 and 624?
78
What is the greatest common divisor of 290 and 87?
29
Calculate the highest common divisor of 8 and 16424.
8
Calculate the highest common divisor of 143 and 18876.
143
Calculate the highest common factor of 40 and 2560.
40
Calculate the highest common divisor of 110 and 170.
10
Calculate the greatest common factor of 434 and 28.
14
Calculate the highest common divisor of 12 and 768.
12
What is the greatest common factor of 18 and 135?
9
Calculate the greatest common factor of 6030 and 90.
90
What is the greatest common divisor of 342 and 1044?
18
Calculate the highest common factor of 30 and 27555.
15
What is the highest common divisor of 49 and 30625?
49
What is the greatest common divisor of 60 and 48?
12
What is the highest common divisor of 451 and 164?
41
Calculate the highest common factor of 4689 and 18.
9
What is the greatest common factor of 970 and 10?
10
What is the highest common factor of 107 and 6527?
107
What is the greatest common factor of 350 and 630?
70
What is the greatest common divisor of 6 and 102?
6
What is the highest common divisor of 220 and 44?
44
Calculate the greatest common divisor of 96 and 564.
12
Calculate the highest common factor of 834 and 6950.
278
Calculate the greatest common factor of 60 and 6690.
30
What is the highest common factor of 417 and 15?
3
Calculate the highest common factor of 85 and 5.
5
What is the greatest common factor of 189 and 84?
21
What is the highest common factor of 992 and 558?
62
What is the highest common divisor of 35 and 1715?
35
What is the highest common divisor of 174 and 116?
58
Calculate the highest common factor of 141 and 9.
3
What is the highest common factor of 15 and 735?
15
What is the highest common divisor of 1275 and 153?
51
What is the highest common factor of 384 and 144?
48
Calculate the highest common divisor of 8 and 312.
8
Calculate the greatest common divisor of 203 and 7.
7
What is the greatest common divisor of 401 and 1?
1
What is the highest common factor of 94 and 108?
2
Calculate the highest common divisor of 26 and 12.
2
What is the greatest common factor of 880 and 256?
16
What is the highest common